 a be ((-693)/(-14))/((2/1)/(-12)). Let r = 426 + a. List the prime factors of r.
3, 43
Let b(m) = 0*m - 8*m + 18 + 7*m - 6. Let g be 72/27*6/(-4). List the prime factors of b(g).
2
Let d = 20 - -1. Suppose 17 + 73 = 2*k. Let g = k - d. What are the prime factors of g?
2, 3
Let a = -726 - -1224. What are the prime factors of a?
2, 3, 83
Let f(c) = -14*c + 7. Let o be f(1). Let v = -909 + 634. List the prime factors of v/(-7) - (-2)/o.
3, 13
Let y(d) = 7*d**2 + 2*d - 15. Suppose 2*z = -b - 11, -3*b - z - 16 = 2. List the prime factors of y(b).
2, 3, 5
Suppose 16 = n - 3*z, 2*n = -n - z - 2. List the prime factors of n/(-2)*-4*(-134)/(-4).
67
Let r = 1 + 5. Suppose -3*k + 4*w - 66 = 0, -2*k + w = r*w + 44. Let b = k + 47. What are the prime factors of b?
5
Suppose 2*q = -f + 182, -4*f - f = 5*q - 445. Suppose -91*p + q*p - 354 = 0. List the prime factors of p.
3, 59
Suppose -10 + 2 = 3*m + 4*j, 2*m + 2*j + 4 = 0. Suppose -b - 5*b + 156 = m. List the prime factors of b.
2, 13
Let w(j) = j**3 + 4*j**2 + 21*j - 53. List the prime factors of w(6).
433
Let w(d) = -2*d**2. Let u be w(1). Let t = 157 - u. Suppose t = 5*m + 44. List the prime factors of m.
23
Let r(y) = 11*y**2 + 3*y. Let a be r(-3). Let d = 143 - a. Let q = -31 + d. What are the prime factors of q?
2, 11
List the prime factors of (-94 + 1)/((-45)/315).
3, 7, 31
Suppose -4*a = 40 + 16. Let x be 167/2 + 7/a. Suppose -5*d + 128 = -4*t, 3*d + 2 - x = t. What are the prime factors of d?
2, 7
Let f be -1*(-9)/(-2 + 5). Let a be (-88)/(-14) - 2/7. Let y = a - f. List the prime factors of y.
3
Suppose -8*x = -3*x. Suppose x = -3*w + d + 16, -3 = -w - d - d. Suppose r = w*c + 28, -3*r - 2*r + 5*c + 180 = 0. List the prime factors of r.
2, 19
Suppose -10*t + 480 = 10*t. Suppose 0 = -0*j + 4*j - 8. Suppose -2*n + t = j*n. List the prime factors of n.
2, 3
Let o(m) = -m**2 + 3*m + 7. Let j be o(-5). Let q be j/44 + (-14)/(-8). Suppose -r + q = -3. What are the prime factors of r?
2
Suppose -5*t - z + 3*z - 77 = 0, -z + 30 = -2*t. Let d = t - -9. Let f = 12 + d. What are the prime factors of f?
2
Let b(l) = l**2 - 15*l - 14. Let d be b(13). Let w be (1/2)/((-4)/d). List the prime factors of w - (-2 - -2 - -1).
2
Let b(o) = -o**3 - 12*o**2 - o - 9. Let y be b(-12). Suppose 5*a = 4*r + 83, 29 = -y*r + 5*a - 37. Let d = 33 + r. List the prime factors of d.
2
Suppose -45*w - 294288 = -93*w. List the prime factors of w.
6131
Let s(d) = 6*d**2 - 5*d + 17. Let w(u) = 18*u**2 - 16*u + 51. Let v(b) = 7*s(b) - 2*w(b). List the prime factors of v(-7).
2, 83
Let n = 149 + -136. Suppose -358 = -n*t - 7. What are the prime factors of t?
3
Suppose 19 - 11 = 4*z. Suppose -z*h = 5*i - i + 724, -5*h + 5*i = 1840. List the prime factors of h/(-13) + (-30)/195.
2, 7
Suppose 0*p + 23104 = 32*p. What are the prime factors of p?
2, 19
What are the prime factors of 6/9 + -1666*5/(-15)?
2, 139
Let j = 11 - 12. Let h be (-6)/j*156/8. Let y = -63 + h. List the prime factors of y.
2, 3
Let a(q) = -20*q - 74. Let n be a(-4). Let j = 639 + -435. Suppose -n - j = -6*i. List the prime factors of i.
5, 7
Let p = -5 - -10. Suppose -x = -a - 3*a - 6, -p*x = a - 30. Let u(i) = 10*i + 8. What are the prime factors of u(x)?
2, 17
Let u(m) = -m**3 - 5*m**2 - 2*m - 2. Let x be u(-5). Suppose x = 3*h + 17. List the prime factors of ((-17)/h)/(6/18).
17
Suppose 8*y - 3510 = -y. List the prime factors of y.
2, 3, 5, 13
Let v(j) = -j**2 + 37*j - 83. What are the prime factors of v(30)?
127
Suppose h = -2*z + 3*h - 296, -4*z - 5*h - 583 = 0. Suppose 109 = 8*q + 917. Let p = q - z. List the prime factors of p.
2, 23
Let w = -305 - -548. What are the prime factors of w?
3
Let a(m) = -m**2 - 3*m - 8. Let x be a(-6). Let i be (-7)/((-14)/(-6)) - -7. What are the prime factors of x/(-5)*(14 - i)?
2, 13
Let i = -152 + 282. What are the prime factors of i?
2, 5, 13
List the prime factors of (7 - -403)*(-104)/(-10).
2, 13, 41
Let k(i) = -8*i**3 + 6*i**2 - 2*i + 13. What are the prime factors of k(-4)?
17, 37
Let d(j) = -j**2 + 9*j + 5. Let q be d(9). Suppose -50 = -q*i + 35. Suppose -i = -5*m + 38. List the prime factors of m.
11
Let p(m) be the first derivative of m**4/4 + 14*m**3/3 - 7*m**2 - 5*m + 4. Let x be p(-15). Let y = -14 - x. List the prime factors of y.
2, 3
Let o = -89 - -84. Let i(d) = -d**3 + 7*d**2 + 6*d. What are the prime factors of i(o)?
2, 3, 5
Let h(i) = -17 + 11 - i**2 - 3 - 19*i. What are the prime factors of h(-8)?
79
Let y(p) be the third derivative of -7*p**4/12 - 29*p**3/6 - 7*p**2. Let l(q) = 7*q + 14. Let s(z) = 5*l(z) + 3*y(z). What are the prime factors of s(-13)?
2, 37
Let m(w) = 51*w + 115. What are the prime factors of m(36)?
1951
Let d = -77 - 7. Let c = 41 - d. Suppose 0 = -5*n - 0*n + c. What are the prime factors of n?
5
Suppose 4*z = -4*z + 2112. What are the prime factors of z?
2, 3, 11
Suppose 24 = -4*t - 2*x, -4*t + x - 52 = -16. Let m(l) = l**2 - 4*l - 10. Let h be m(7). Let k = t + h. What are the prime factors of k?
3
Suppose 6*z = 26*z - 5860. What are the prime factors of z?
293
Let i(c) = c**3 - c + 2. Let q be i(0). What are the prime factors of -2 - -3 - q - 46/(-2)?
2, 11
Let t = -47 + 31. Let n be 232/3 + t/(-24). List the prime factors of n*3*4/18.
2, 13
Let j = -1537 - -1539. Let c be 21/4 - (-1)/(-4). Suppose j*g = -c*o + 108, 4*g + 2*o = -0*o + 184. What are the prime factors of g?
2, 11
Let v = 16 - 16. Let p be (v + 17)*(6 - 5). Let b = -7 + p. List the prime factors of b.
2, 5
Let h(w) = w**2 + 15*w + 161. List the prime factors of h(-19).
3, 79
Let j(x) = -15 - 9*x**2 - 10*x - 12 + 8*x**3 - 9*x**3. What are the prime factors of j(-9)?
3, 7
List the prime factors of (6 + -1681)*4*12/(-40).
2, 3, 5, 67
Let c(o) = -3*o + 17. Let h be c(5). Suppose -m = 2*b - 36, -3*m = 3*b + h*b - 109. List the prime factors of m/(22/6 - 3).
3, 19
Suppose 3*l = -t - 11, -5*t - l = 4*l + 65. What are the prime factors of ((-60)/t)/(9/189)?
2, 3, 5
Suppose 0 = 4*q - q - 60. Suppose 0*y + 4*y = q. Suppose -5*s + y*j + 198 = -52, 0 = -5*j + 25. List the prime factors of s.
5, 11
Let m(g) be the third derivative of g**4/12 + 5*g**3/6 - 3*g**2. Let z(n) = n**3 - 4*n**2 + 5*n + 4. Let k be z(3). List the prime factors of m(k).
5
Let q(n) = 2 + 8 - 4*n + 2*n + 3*n. Let d be q(-12). What are the prime factors of ((-24)/(-12))/(d/(-24))?
2, 3
Let a(s) = -s**2 - 100*s + 209. What are the prime factors of a(-56)?
3, 11
Let m be (85/34)/((-2)/(-232)). Suppose -3*w - 74 = -4*w + 2*q, -5*q - m = -4*w. What are the prime factors of w?
2, 5, 7
Let x be (-10)/(-30)*-159*1. Let w = x + 85. List the prime factors of w.
2
Let w be ((-3)/2)/(54/(-72)). Suppose f - t + 68 = w*f, 5*t + 20 = 0. What are the prime factors of f?
2, 3
Let q = -858 + 957. Let k be ((-30)/(-4))/((-2)/12). Let j = k + q. What are the prime factors of j?
2, 3
Let a be (-4)/(-12) + 1/((-9)/3). Suppose -5*c = -3*t - 55, c + 2*t - 24 = -a*t. What are the prime factors of c?
2, 7
Let m = -52 - -195. List the prime factors of m.
11, 13
Let g(b) = -20*b - 2. Let n(m) = m**3 + 15*m**2 + 13*m - 18. Let h be n(-14). List the prime factors of g(h).
2, 3, 13
Let z be (9/6)/((-3)/(-68)). Let w = 30 - 36. Let y = w + z. What are the prime factors of y?
2, 7
Suppose 603 + 372 = 5*w. Suppose a = -4*a + w. List the prime factors of a.
3, 13
Let o(j) = -6*j - 7. Let v be o(-2). List the prime factors of -1*8/(-2)*v.
2, 5
Let z(j) = -4*j + 49 - 14 + 3*j + 21. Suppose 0*b + 0*b = -4*b. What are the prime factors of z(b)?
2, 7
Let n = 4176 - 1990. What are the prime factors of n?
2, 1093
Let o(h) = -h**3 + 13*h**2 - 4. Let f be o(11). What are the prime factors of (-6)/(-15)*(f - 8)?
2, 23
Suppose -2*r + 2 = -0*r, -l = r - 2. List the prime factors of l - -62 - (16 + -18).
5, 13
Suppose 5*s - 2*s + 4*o = 5831, s + 4*o - 1957 = 0. List the prime factors of s.
13, 149
Let v be 0*(2 - (1 + 2)). Suppose -2*p - 85 = -x + 92, p - 3*x + 86 = v. Let n = -52 - p. What are the prime factors of n?
37
Let m = 2030 + 95. What are the prime factors of m?
5, 17
Suppose -r - 6*r = -4144. Suppose 4*m - r = 5*x, -2*x + 126 = m - 22. List the prime factors of m.
2, 37
Let i = -4 + 29. Suppose -t + 37 = -i. What are the prime factors of t?
2, 31
Let w(f) = -23*f + 9. Let u(d) = 12*d - 5. Let v